{"id":300,"date":"2024-08-05T11:20:25","date_gmt":"2024-08-05T11:20:25","guid":{"rendered":"http:\/\/testv2.maisongallieni.com\/rates-2\/"},"modified":"2025-03-27T19:18:35","modified_gmt":"2025-03-27T19:18:35","slug":"rates","status":"publish","type":"page","link":"https:\/\/www.maisongallieni.com\/en\/rates\/","title":{"rendered":"Rates"},"content":{"rendered":"\r\n<ul class=\"wp-block-list\">\r\n<li>Le prix des chambres comprend le petit d\u00e9jeuner servi dans la salle \u00e0 manger ou sur la varangue.<\/li>\r\n\r\n\r\n\r\n<li>Notre cuisini\u00e8re pr\u00e9pare de bons repas avec soin, pour le d\u00e9jeuner pour le d\u00eener. Il vous en co\u00fbtera seulement 23 \u20ac. Une bouilloire et des dosettes de th\u00e9 et de caf\u00e9 sont \u00e0 disposition dans chaque chambre. Les boissons non alcoolis\u00e9es sont offertes \u00e0 l\u2019exception des jus de fruits frais qui seront factur\u00e9s 3 \u20ac.<\/li>\r\n\r\n\r\n\r\n<li>Prestations suppl\u00e9mentaires : massages relaxants, blanchisserie, imprimante, trajet a\u00e9roport, location de voiture. Nous contacter..<\/li>\r\n\r\n\r\n\r\n<li>Toutes les chambres sont non fumeur.<\/li>\r\n\r\n\r\n\r\n<li><a href=\"https:\/\/preprod.maisongallieni.com\/nous-contacter\/\">Nous contacter<\/a>\u00a0pour lits suppl\u00e9mentaires.<\/li>\r\n<\/ul>\r\n\r\n\r\n\r\n<h2 class=\"wp-block-heading\">BASSE SAISON<\/h2>\r\n\r\n\r\n\r\n<p>Du 1\/12\/23 au 30\/06\/24<\/p>\r\n\r\n\r\n\r\n<figure class=\"wp-block-table\">\r\n<table>\r\n<thead>\r\n<tr>\r\n<th>\u00a0<\/th>\r\n<th>Single<\/th>\r\n<th>Double<\/th>\r\n<\/tr>\r\n<\/thead>\r\n<tbody>\r\n<tr>\r\n<td>CHAMBRE GALLIENI<\/td>\r\n<td><strong>195 \u20ac<\/strong><\/td>\r\n<td><strong>210 \u20ac<\/strong><\/td>\r\n<\/tr>\r\n<tr>\r\n<td>CHAMBRE FARA<\/td>\r\n<td><strong>160 \u20ac<\/strong><\/td>\r\n<td><strong>180 \u20ac<\/strong><\/td>\r\n<\/tr>\r\n<tr>\r\n<td>CHAMBRE MONACO<\/td>\r\n<td><strong>160 \u20ac<\/strong><\/td>\r\n<td><strong>180 \u20ac<\/strong><\/td>\r\n<\/tr>\r\n<tr>\r\n<td>CHAMBRE TANA<\/td>\r\n<td><strong>160 \u20ac<\/strong><\/td>\r\n<td><strong>180 \u20ac<\/strong><\/td>\r\n<\/tr>\r\n<\/tbody>\r\n<\/table>\r\n<\/figure>\r\n\r\n\r\n\r\n<h2 class=\"wp-block-heading\">HAUTE SAISON<\/h2>\r\n\r\n\r\n\r\n<p>Du 1\/07\/24 au 30\/11\/24<\/p>\r\n\r\n\r\n\r\n<figure class=\"wp-block-table\">\r\n<table>\r\n<thead>\r\n<tr>\r\n<th>\u00a0<\/th>\r\n<th>Single<\/th>\r\n<th>Double<\/th>\r\n<\/tr>\r\n<\/thead>\r\n<tbody>\r\n<tr>\r\n<td>CHAMBRE GALLIENI<\/td>\r\n<td><strong>220 \u20ac<\/strong><\/td>\r\n<td><strong>230 \u20ac<\/strong><\/td>\r\n<\/tr>\r\n<tr>\r\n<td>CHAMBRE FARA<\/td>\r\n<td><strong>180 \u20ac<\/strong><\/td>\r\n<td><strong>200 \u20ac<\/strong><\/td>\r\n<\/tr>\r\n<tr>\r\n<td>CHAMBRE MONACO<\/td>\r\n<td><strong>180 \u20ac<\/strong><\/td>\r\n<td><strong>200 \u20ac<\/strong><\/td>\r\n<\/tr>\r\n<tr>\r\n<td>CHAMBRE TANA<\/td>\r\n<td><strong>180 \u20ac<\/strong><\/td>\r\n<td><strong>200 \u20ac<\/strong><\/td>\r\n<\/tr>\r\n<\/tbody>\r\n<\/table>\r\n<\/figure>\r\n\r\n\r\n\r\n<p>Tarifs Publics (taxe de s\u00e9jour incluse)<\/p>\r\n","protected":false},"excerpt":{"rendered":"<p>BASSE SAISON Du 1\/12\/23 au 30\/06\/24 \u00a0 Single Double CHAMBRE GALLIENI 195 \u20ac 210 \u20ac CHAMBRE FARA 160 \u20ac 180 \u20ac CHAMBRE MONACO 160 \u20ac 180 \u20ac CHAMBRE TANA 160 \u20ac 180 \u20ac HAUTE SAISON Du 1\/07\/24 au 30\/11\/24 \u00a0 Single Double CHAMBRE GALLIENI 220 \u20ac 230 \u20ac CHAMBRE FARA 180 \u20ac 200 \u20ac CHAMBRE [&hellip;]<\/p>\n","protected":false},"author":1,"featured_media":0,"parent":0,"menu_order":0,"comment_status":"closed","ping_status":"closed","template":"page-templates\/tarifs.php","meta":{"_acf_changed":false,"footnotes":""},"class_list":["post-300","page","type-page","status-publish","hentry"],"acf":[],"yoast_head":"<!-- This site is optimized with the Yoast SEO plugin v27.4 - https:\/\/yoast.com\/product\/yoast-seo-wordpress\/ -->\n<title>Rates - Maison Gallieni<\/title>\n<meta name=\"robots\" content=\"index, follow, max-snippet:-1, max-image-preview:large, max-video-preview:-1\" \/>\n<link rel=\"canonical\" href=\"https:\/\/www.maisongallieni.com\/en\/rates\/\" \/>\n<meta property=\"og:locale\" content=\"en_US\" \/>\n<meta property=\"og:type\" content=\"article\" \/>\n<meta property=\"og:title\" content=\"Rates - Maison Gallieni\" \/>\n<meta property=\"og:description\" content=\"BASSE SAISON Du 1\/12\/23 au 30\/06\/24 \u00a0 Single Double CHAMBRE GALLIENI 195 \u20ac 210 \u20ac CHAMBRE FARA 160 \u20ac 180 \u20ac CHAMBRE MONACO 160 \u20ac 180 \u20ac CHAMBRE TANA 160 \u20ac 180 \u20ac HAUTE SAISON Du 1\/07\/24 au 30\/11\/24 \u00a0 Single Double CHAMBRE GALLIENI 220 \u20ac 230 \u20ac CHAMBRE FARA 180 \u20ac 200 \u20ac CHAMBRE [&hellip;]\" \/>\n<meta property=\"og:url\" content=\"https:\/\/www.maisongallieni.com\/en\/rates\/\" \/>\n<meta property=\"og:site_name\" content=\"Maison Gallieni\" \/>\n<meta property=\"article:modified_time\" content=\"2025-03-27T19:18:35+00:00\" \/>\n<meta name=\"twitter:card\" content=\"summary_large_image\" \/>\n<meta name=\"twitter:label1\" content=\"Est. reading time\" \/>\n\t<meta name=\"twitter:data1\" content=\"1 minute\" \/>\n<script type=\"application\/ld+json\" class=\"yoast-schema-graph\">{\"@context\":\"https:\\\/\\\/schema.org\",\"@graph\":[{\"@type\":\"WebPage\",\"@id\":\"https:\\\/\\\/www.maisongallieni.com\\\/en\\\/rates\\\/\",\"url\":\"https:\\\/\\\/www.maisongallieni.com\\\/en\\\/rates\\\/\",\"name\":\"Rates - Maison Gallieni\",\"isPartOf\":{\"@id\":\"https:\\\/\\\/www.maisongallieni.com\\\/#website\"},\"datePublished\":\"2024-08-05T11:20:25+00:00\",\"dateModified\":\"2025-03-27T19:18:35+00:00\",\"breadcrumb\":{\"@id\":\"https:\\\/\\\/www.maisongallieni.com\\\/en\\\/rates\\\/#breadcrumb\"},\"inLanguage\":\"en-US\",\"potentialAction\":[{\"@type\":\"ReadAction\",\"target\":[\"https:\\\/\\\/www.maisongallieni.com\\\/en\\\/rates\\\/\"]}]},{\"@type\":\"BreadcrumbList\",\"@id\":\"https:\\\/\\\/www.maisongallieni.com\\\/en\\\/rates\\\/#breadcrumb\",\"itemListElement\":[{\"@type\":\"ListItem\",\"position\":1,\"name\":\"Accueil\",\"item\":\"https:\\\/\\\/www.maisongallieni.com\\\/en\\\/\"},{\"@type\":\"ListItem\",\"position\":2,\"name\":\"Rates\"}]},{\"@type\":\"WebSite\",\"@id\":\"https:\\\/\\\/www.maisongallieni.com\\\/#website\",\"url\":\"https:\\\/\\\/www.maisongallieni.com\\\/\",\"name\":\"Maison Gallieni\",\"description\":\"un \u00e9tablissement de choix pour les voyageurs comme vous.\",\"publisher\":{\"@id\":\"https:\\\/\\\/www.maisongallieni.com\\\/#organization\"},\"potentialAction\":[{\"@type\":\"SearchAction\",\"target\":{\"@type\":\"EntryPoint\",\"urlTemplate\":\"https:\\\/\\\/www.maisongallieni.com\\\/?s={search_term_string}\"},\"query-input\":{\"@type\":\"PropertyValueSpecification\",\"valueRequired\":true,\"valueName\":\"search_term_string\"}}],\"inLanguage\":\"en-US\"},{\"@type\":\"Organization\",\"@id\":\"https:\\\/\\\/www.maisongallieni.com\\\/#organization\",\"name\":\"Maison Gallieni\",\"url\":\"https:\\\/\\\/www.maisongallieni.com\\\/\",\"logo\":{\"@type\":\"ImageObject\",\"inLanguage\":\"en-US\",\"@id\":\"https:\\\/\\\/www.maisongallieni.com\\\/#\\\/schema\\\/logo\\\/image\\\/\",\"url\":\"http:\\\/\\\/testv2.maisongallieni.com\\\/wp-content\\\/uploads\\\/2024\\\/07\\\/logo-mg-dark.png\",\"contentUrl\":\"http:\\\/\\\/testv2.maisongallieni.com\\\/wp-content\\\/uploads\\\/2024\\\/07\\\/logo-mg-dark.png\",\"width\":319,\"height\":395,\"caption\":\"Maison Gallieni\"},\"image\":{\"@id\":\"https:\\\/\\\/www.maisongallieni.com\\\/#\\\/schema\\\/logo\\\/image\\\/\"}}]}<\/script>\n<!-- \/ Yoast SEO plugin. -->","yoast_head_json":{"title":"Rates - Maison Gallieni","robots":{"index":"index","follow":"follow","max-snippet":"max-snippet:-1","max-image-preview":"max-image-preview:large","max-video-preview":"max-video-preview:-1"},"canonical":"https:\/\/www.maisongallieni.com\/en\/rates\/","og_locale":"en_US","og_type":"article","og_title":"Rates - Maison Gallieni","og_description":"BASSE SAISON Du 1\/12\/23 au 30\/06\/24 \u00a0 Single Double CHAMBRE GALLIENI 195 \u20ac 210 \u20ac CHAMBRE FARA 160 \u20ac 180 \u20ac CHAMBRE MONACO 160 \u20ac 180 \u20ac CHAMBRE TANA 160 \u20ac 180 \u20ac HAUTE SAISON Du 1\/07\/24 au 30\/11\/24 \u00a0 Single Double CHAMBRE GALLIENI 220 \u20ac 230 \u20ac CHAMBRE FARA 180 \u20ac 200 \u20ac CHAMBRE [&hellip;]","og_url":"https:\/\/www.maisongallieni.com\/en\/rates\/","og_site_name":"Maison Gallieni","article_modified_time":"2025-03-27T19:18:35+00:00","twitter_card":"summary_large_image","twitter_misc":{"Est. reading time":"1 minute"},"schema":{"@context":"https:\/\/schema.org","@graph":[{"@type":"WebPage","@id":"https:\/\/www.maisongallieni.com\/en\/rates\/","url":"https:\/\/www.maisongallieni.com\/en\/rates\/","name":"Rates - Maison Gallieni","isPartOf":{"@id":"https:\/\/www.maisongallieni.com\/#website"},"datePublished":"2024-08-05T11:20:25+00:00","dateModified":"2025-03-27T19:18:35+00:00","breadcrumb":{"@id":"https:\/\/www.maisongallieni.com\/en\/rates\/#breadcrumb"},"inLanguage":"en-US","potentialAction":[{"@type":"ReadAction","target":["https:\/\/www.maisongallieni.com\/en\/rates\/"]}]},{"@type":"BreadcrumbList","@id":"https:\/\/www.maisongallieni.com\/en\/rates\/#breadcrumb","itemListElement":[{"@type":"ListItem","position":1,"name":"Accueil","item":"https:\/\/www.maisongallieni.com\/en\/"},{"@type":"ListItem","position":2,"name":"Rates"}]},{"@type":"WebSite","@id":"https:\/\/www.maisongallieni.com\/#website","url":"https:\/\/www.maisongallieni.com\/","name":"Maison Gallieni","description":"un \u00e9tablissement de choix pour les voyageurs comme vous.","publisher":{"@id":"https:\/\/www.maisongallieni.com\/#organization"},"potentialAction":[{"@type":"SearchAction","target":{"@type":"EntryPoint","urlTemplate":"https:\/\/www.maisongallieni.com\/?s={search_term_string}"},"query-input":{"@type":"PropertyValueSpecification","valueRequired":true,"valueName":"search_term_string"}}],"inLanguage":"en-US"},{"@type":"Organization","@id":"https:\/\/www.maisongallieni.com\/#organization","name":"Maison Gallieni","url":"https:\/\/www.maisongallieni.com\/","logo":{"@type":"ImageObject","inLanguage":"en-US","@id":"https:\/\/www.maisongallieni.com\/#\/schema\/logo\/image\/","url":"http:\/\/testv2.maisongallieni.com\/wp-content\/uploads\/2024\/07\/logo-mg-dark.png","contentUrl":"http:\/\/testv2.maisongallieni.com\/wp-content\/uploads\/2024\/07\/logo-mg-dark.png","width":319,"height":395,"caption":"Maison Gallieni"},"image":{"@id":"https:\/\/www.maisongallieni.com\/#\/schema\/logo\/image\/"}}]}},"_links":{"self":[{"href":"https:\/\/www.maisongallieni.com\/en\/wp-json\/wp\/v2\/pages\/300","targetHints":{"allow":["GET"]}}],"collection":[{"href":"https:\/\/www.maisongallieni.com\/en\/wp-json\/wp\/v2\/pages"}],"about":[{"href":"https:\/\/www.maisongallieni.com\/en\/wp-json\/wp\/v2\/types\/page"}],"author":[{"embeddable":true,"href":"https:\/\/www.maisongallieni.com\/en\/wp-json\/wp\/v2\/users\/1"}],"replies":[{"embeddable":true,"href":"https:\/\/www.maisongallieni.com\/en\/wp-json\/wp\/v2\/comments?post=300"}],"version-history":[{"count":3,"href":"https:\/\/www.maisongallieni.com\/en\/wp-json\/wp\/v2\/pages\/300\/revisions"}],"predecessor-version":[{"id":639,"href":"https:\/\/www.maisongallieni.com\/en\/wp-json\/wp\/v2\/pages\/300\/revisions\/639"}],"wp:attachment":[{"href":"https:\/\/www.maisongallieni.com\/en\/wp-json\/wp\/v2\/media?parent=300"}],"curies":[{"name":"wp","href":"https:\/\/api.w.org\/{rel}","templated":true}]}}

<ul class="wp-block-list">
<li>Le prix des chambres comprend le petit déjeuner servi dans la salle à manger ou sur la varangue.</li>



<li>Notre cuisinière prépare de bons repas avec soin, pour le déjeuner pour le dîner. Il vous en coûtera seulement 23 €. Une bouilloire et des dosettes de thé et de café sont à disposition dans chaque chambre. Les boissons non alcoolisées sont offertes à l’exception des jus de fruits frais qui seront facturés 3 €.</li>



<li>Prestations supplémentaires : massages relaxants, blanchisserie, imprimante, trajet aéroport, location de voiture. Nous contacter..</li>



<li>Toutes les chambres sont non fumeur.</li>



<li><a href="https://preprod.maisongallieni.com/nous-contacter/">Nous contacter</a> pour lits supplémentaires.</li>
</ul>



<h2 class="wp-block-heading">BASSE SAISON</h2>



<p>Du 1/12/23 au 30/06/24</p>



<figure class="wp-block-table">
<table>
<thead>
<tr>
<th> </th>
<th>Single</th>
<th>Double</th>
</tr>
</thead>
<tbody>
<tr>
<td>CHAMBRE GALLIENI</td>
<td><strong>195 €</strong></td>
<td><strong>210 €</strong></td>
</tr>
<tr>
<td>CHAMBRE FARA</td>
<td><strong>160 €</strong></td>
<td><strong>180 €</strong></td>
</tr>
<tr>
<td>CHAMBRE MONACO</td>
<td><strong>160 €</strong></td>
<td><strong>180 €</strong></td>
</tr>
<tr>
<td>CHAMBRE TANA</td>
<td><strong>160 €</strong></td>
<td><strong>180 €</strong></td>
</tr>
</tbody>
</table>
</figure>



<h2 class="wp-block-heading">HAUTE SAISON</h2>



<p>Du 1/07/24 au 30/11/24</p>



<figure class="wp-block-table">
<table>
<thead>
<tr>
<th> </th>
<th>Single</th>
<th>Double</th>
</tr>
</thead>
<tbody>
<tr>
<td>CHAMBRE GALLIENI</td>
<td><strong>220 €</strong></td>
<td><strong>230 €</strong></td>
</tr>
<tr>
<td>CHAMBRE FARA</td>
<td><strong>180 €</strong></td>
<td><strong>200 €</strong></td>
</tr>
<tr>
<td>CHAMBRE MONACO</td>
<td><strong>180 €</strong></td>
<td><strong>200 €</strong></td>
</tr>
<tr>
<td>CHAMBRE TANA</td>
<td><strong>180 €</strong></td>
<td><strong>200 €</strong></td>
</tr>
</tbody>
</table>
</figure>



<p>Tarifs Publics (taxe de séjour incluse)</p>

<!-- This site is optimized with the Yoast SEO plugin v27.4 - https://yoast.com/product/yoast-seo-wordpress/ -->
<title>Rates - Maison Gallieni</title>
<meta name="robots" content="index, follow, max-snippet:-1, max-image-preview:large, max-video-preview:-1" />
<link rel="canonical" href="https://www.maisongallieni.com/en/rates/" />
<meta property="og:locale" content="en_US" />
<meta property="og:type" content="article" />
<meta property="og:title" content="Rates - Maison Gallieni" />
<meta property="og:description" content="BASSE SAISON Du 1/12/23 au 30/06/24   Single Double CHAMBRE GALLIENI 195 € 210 € CHAMBRE FARA 160 € 180 € CHAMBRE MONACO 160 € 180 € CHAMBRE TANA 160 € 180 € HAUTE SAISON Du 1/07/24 au 30/11/24   Single Double CHAMBRE GALLIENI 220 € 230 € CHAMBRE FARA 180 € 200 € CHAMBRE [&hellip;]" />
<meta property="og:url" content="https://www.maisongallieni.com/en/rates/" />
<meta property="og:site_name" content="Maison Gallieni" />
<meta property="article:modified_time" content="2025-03-27T19:18:35+00:00" />
<meta name="twitter:card" content="summary_large_image" />
<meta name="twitter:label1" content="Est. reading time" />
	<meta name="twitter:data1" content="1 minute" />
<script type="application/ld+json" class="yoast-schema-graph">{"@context":"https:\/\/schema.org","@graph":[{"@type":"WebPage","@id":"https:\/\/www.maisongallieni.com\/en\/rates\/","url":"https:\/\/www.maisongallieni.com\/en\/rates\/","name":"Rates - Maison Gallieni","isPartOf":{"@id":"https:\/\/www.maisongallieni.com\/#website"},"datePublished":"2024-08-05T11:20:25+00:00","dateModified":"2025-03-27T19:18:35+00:00","breadcrumb":{"@id":"https:\/\/www.maisongallieni.com\/en\/rates\/#breadcrumb"},"inLanguage":"en-US","potentialAction":[{"@type":"ReadAction","target":["https:\/\/www.maisongallieni.com\/en\/rates\/"]}]},{"@type":"BreadcrumbList","@id":"https:\/\/www.maisongallieni.com\/en\/rates\/#breadcrumb","itemListElement":[{"@type":"ListItem","position":1,"name":"Accueil","item":"https:\/\/www.maisongallieni.com\/en\/"},{"@type":"ListItem","position":2,"name":"Rates"}]},{"@type":"WebSite","@id":"https:\/\/www.maisongallieni.com\/#website","url":"https:\/\/www.maisongallieni.com\/","name":"Maison Gallieni","description":"un établissement de choix pour les voyageurs comme vous.","publisher":{"@id":"https:\/\/www.maisongallieni.com\/#organization"},"potentialAction":[{"@type":"SearchAction","target":{"@type":"EntryPoint","urlTemplate":"https:\/\/www.maisongallieni.com\/?s={search_term_string}"},"query-input":{"@type":"PropertyValueSpecification","valueRequired":true,"valueName":"search_term_string"}}],"inLanguage":"en-US"},{"@type":"Organization","@id":"https:\/\/www.maisongallieni.com\/#organization","name":"Maison Gallieni","url":"https:\/\/www.maisongallieni.com\/","logo":{"@type":"ImageObject","inLanguage":"en-US","@id":"https:\/\/www.maisongallieni.com\/#\/schema\/logo\/image\/","url":"http:\/\/testv2.maisongallieni.com\/wp-content\/uploads\/2024\/07\/logo-mg-dark.png","contentUrl":"http:\/\/testv2.maisongallieni.com\/wp-content\/uploads\/2024\/07\/logo-mg-dark.png","width":319,"height":395,"caption":"Maison Gallieni"},"image":{"@id":"https:\/\/www.maisongallieni.com\/#\/schema\/logo\/image\/"}}]}</script>
<!-- / Yoast SEO plugin. -->

un établissement de choix pour les voyageurs comme vous.
